v**2 - 1/2*v**3 + 14*v + 0. Calculate y(q).
4
Let p(z) be the second derivative of -z**3/3 - 3*z**2/2 + 3*z. Suppose -49 = -5*d - 9. Suppose 4*u - 2*u = -d. Give p(u).
5
Let l(a) = -37*a. Let d(n) = 3*n + 7. Let h be d(-2). Determine l(h).
-37
Let v(y) = -2*y**3 - 10*y**2 + y + 9. Let d be -15*(5 + 532/(-105))*-5. Determine v(d).
4
Let j(v) = v**3 + 17*v**2 + 18*v + 24. Let a = -879 + 863. Give j(a).
-8
Let k(n) = -2 + 0 - 73*n + 72*n. Let i = 9 - 4. Determine k(i).
-7
Let o(h) = 3*h**3 - h**2 - h - 1. Suppose 25*k = 30*k - 10. Suppose k*w + 1 + 1 = 0. Determine o(w).
-4
Let m(d) be the second derivative of d**8/6720 + 11*d**4/12 - 20*d. Let p(f) be the third derivative of m(f). Determine p(1).
1
Let i(x) = -116*x - 3*x**2 + 2*x**2 - 3 + 5 + 119*x. What is i(3)?
2
Let x(s) = -s**2 - 4*s - 2. Let i = 41 - 38. Suppose -4*l = 5*f + 11, -3*f - i*l = f + 9. Give x(f).
1
Let c(u) = -u**3 + u**2 - u. Let d(r) = -6*r**3 + 13*r**2 + 4*r - 6. Let l(m) = 5*c(m) - d(m). Calculate l(9).
6
Suppose 10*n - 3 = 7*n. Let l(f) = 5*f**2 - f + 1. Give l(n).
5
Let c(j) = -28*j + 11 + 0 + 52*j - 23*j - 2. What is c(-10)?
-1
Let c(y) be the third derivative of -5*y**4/6 - y**3/3 + 9*y**2. Let a be c(-1). Let d(q) = -20*q + 2 - 1 + q**3 + a*q + 0*q**3. What is d(1)?
0
Let o(z) = z**2 - 5*z + 7. Suppose -9*b + 3*b + 24 = 0. Suppose -b*a + 6 = -14. Determine o(a).
7
Let t(q) = -3*q**3 - q**2 + 4*q + 3. Let y(h) = -13*h**3 - 3*h**2 + 17*h + 13. Let j be 2*(-2)/(-6)*(-378)/(-28). Let g(n) = j*t(n) - 2*y(n). Determine g(2).
-15
Suppose l - 8 = o - 2, -o - 12 = -2*l. Let g(j) = 4 + 4*j**2 - 1 + 8*j - j**3 - 5*j - l*j. Determine g(3).
3
Let p(q) be the second derivative of -q**4/12 - q**3/3 - q**2 + 200*q. Determine p(-3).
-5
Suppose 0 = -8*v + 27 + 13. Let q(t) = -t**2 + 3*t + 7. Determine q(v).
-3
Let o(s) = -5*s**2 + 2*s - 1. Let r(j) = -j - 14. Let m be r(-6). Let p be 9/(-24) + (-139)/m. Let d = p + -15. Give o(d).
-17
Let q(l) = -5*l**2 - 15*l + 2. Let h(t) = -2*t**2 - 7*t + 1. Let j(n) = 7*h(n) - 3*q(n). Suppose -k - 10 = -3*k. What is j(k)?
6
Let o(b) be the first derivative of -7*b**2/2 - 6*b + 1. Let n(l) = -15*l - 12. Let x(f) = 6*n(f) - 13*o(f). Give x(-5).
1
Let d(x) = -x + 9. Suppose 3*q - 5*h + 25 = 0, 0 = q + h + 3 - 0. Let r(v) = v - 18. Let m(l) = q*d(l) - 3*r(l). Determine m(-6).
-3
Suppose 4*p = -q + 45, 2*p - 6*p = 5*q - 49. Let z(o) = -p - 9 + 13 + o. Let x be z(5). Let a(t) = 2*t - 1. Determine a(x).
-5
Let a be 3/((-9)/(-2))*-3. Let h(r) be the third derivative of -1/8*r**4 + 1/60*r**5 + 0*r + 0 - 1/6*r**3 + 35*r**2. Calculate h(a).
9
Let k = -4362 + 4355. Let i(o) be the third derivative of -o**6/120 - 2*o**5/15 - 7*o**4/24 - 2*o**2. Calculate i(k).
0
Let f = -3 + 3. Suppose -3*j = -f*o - o - 7, -2*j - 5*o = 1. Let y(m) = 6 - 2*m**2 + m - 7 + m**3 - j*m**3. What is y(-3)?
5
Let s(j) = -j**2 - 2*j + 5. Let g(i) = -4*i**3 - 34*i**2 - 15*i + 11. Let o be g(-8). Give s(o).
-10
Let k(z) be the third derivative of -z**4/24 - 5*z**3/6 - z**2. Suppose 178 = 5*m - 7*m. Let d = 83 + m. What is k(d)?
1
Let g(c) = -c**2 + 2*c. Let p(m) = -2*m**2 + 2*m + 6. Let i(a) = -3*g(a) + p(a). Determine i(4).
6
Let i(k) = -k**3 - 5*k**2 + 7*k + 5. Suppose 2*v + 144 = -30. Let a = v - -81. Calculate i(a).
-1
Let a(s) = -17*s + 1. Suppose -2*i + 12 = i. Let t be 4*i*1/16. What is a(t)?
-16
Let v(a) = -29*a**3 - a**2 - a - 1. Let g be v(-1). Suppose -2*q + 3*l = 4, -2*l + g = -4*q - l. Let b(i) = -i - 11. Give b(q).
-3
Let w(q) = q**3 - 4*q**2 - 4. Suppose -36*a = 8 - 152. Give w(a).
-4
Let h(q) be the third derivative of q**4/6 - 11*q**3/3 - 421*q**2. What is h(6)?
2
Let f(j) = 9*j**3 - j**2 - j - 1. Let q be 6/(-4) + 22/(-4). Let b(a) = a**3 + 7*a**2 + 2*a + 13. Let i be b(q). Calculate f(i).
-10
Let t = -11 + 13. Suppose -t*x - 8 = -5*y - 4*x, 4*x = -y - 2. Let s(n) = 17*n**3 - 5*n**3 + 0*n + 6*n**2 - y*n + 1 - 5*n**2. Determine s(1).
12
Let w(b) = -b**2 - 5*b + 7. Let s(m) = 3*m - 4. Let v(n) = 5*s(n) + 3*w(n). Suppose -127 + 117 = 5*i. What is v(i)?
-11
Let t(g) = -g**3 + 6*g**2 - 4*g + 1. Let c be ((-3)/(-2) + -1)*10. Determine t(c).
6
Let g(n) = n**3 - 2*n**2 + 3*n - 1. Let p be 0/2 + (-1 + 2)*0. Suppose 2*a + 3*a - 20 = -5*s, -3*a + s + 4 = p. Calculate g(a).
5
Let o = 3039 - 3043. Let w(n) = -4*n - 3. Determine w(o).
13
Let v(p) = -p**3 + 6*p**2 - 4*p + 11. Let k(i) = 2*i**2 + 15*i - 137. Let c be k(-13). Calculate v(c).
-13
Let y be 3/2*7/(-21)*18. Let h(d) = -d - 12. Determine h(y).
-3
Suppose -8*f = -34 - 30. Let s(z) = -z**3 + 9*z**2 - 7*z + 12. What is s(f)?
20
Let d = 45 + 48. Let w = d - 87. Let c(q) = -q**2 + 5*q - 1. Determine c(w).
-7
Let d(l) = -2*l**2 + 27*l - 14. Let p be d(13). Let v be (-24 - -19) + (p - -3). Let g(t) = 0*t + t + 0*t + 4. What is g(v)?
1
Let y(z) = 0 + 4*z - 16*z**2 + 4 - 5*z + 10*z**2 + z**3. Let v be 64/10 + (4 - (-66)/(-15)). Calculate y(v).
-2
Let k(y) be the third derivative of 0 - 1/60*y**6 - 38*y**2 + 0*y + 0*y**3 + 1/30*y**5 + 1/8*y**4. Give k(3).
-27
Let l(x) = -5*x - 1. Let d be l(-1). Let j = d + -4. Let c(r) = r + 4. Give c(j).
4
Suppose -25 = 5*r + 5*i, i = -58*r + 59*r + 7. Let l(k) = 3*k + 20. Determine l(r).
2
Let g(h) be the second derivative of h**3/6 + h**2 - h. Suppose 96 = 3*w + w. Let j be ((-2)/(-4))/((-4)/w). What is g(j)?
-1
Let z(i) = i + 3*i - 2 - 3*i. Let o be (-330)/77 - -4 - (-46)/14. What is z(o)?
1
Let d be (-2)/(-6)*3*5. Suppose 0 = d*h + 2 - 7. Let x(v) = 5*v**2 + v. Let k(b) = -b**2. Let a(r) = 2*k(r) + x(r). What is a(h)?
4
Let v be 3 - 1 - 1 - -8. Let f(o) = -2*o + 11*o**2 - v*o**2 - 4*o**2 - o**3 - o. Determine f(-2).
6
Let o(b) = -2*b + 2 + 5 + 6 + 3. Let t be o(7). Suppose -8 - t = 5*u. Let d(v) = 2*v + 1. Determine d(u).
-3
Let b(d) be the third derivative of d**4/24 + d**3/3 + d**2. Let p(n) = -10*n + 2. Let z be p(-1). Let l(r) = -r**2 + 12*r - 5. Let i be l(z). Calculate b(i).
-3
Let z be (0 - 2)*2/4. Suppose 3*a = -a + 16. Let f(v) = -3*v + a*v + 5*v + 1. Determine f(z).
-5
Let y(m) = -m**3 - 9*m**2 + 5*m + 50. Let q be y(-9). Let s(t) = -3*t - 5. Determine s(q).
-20
Let b(x) be the first derivative of x**4/4 + 3*x**3 + 3*x**2/2 - 3*x + 172. Calculate b(-7).
74
Let f = 41 + -69. Let j = f - -36. Let l = 10 - j. Let a(o) = 5*o - 3. What is a(l)?
7
Let b(x) = x**2 - 4*x - 5. Let z = -4 + 11. Let o = -3 + z. Suppose -o*c + 12 = -c. Determine b(c).
-5
Let o(v) = -4*v**2 - 12*v - 15. Let n(p) = 11*p**2 + 35*p + 44. Let l(d) = -3*n(d) - 8*o(d). Let t(u) = u**2 + 6*u - 8. Let s be t(-6). Give l(s).
-4
Let h(u) = -u**3 - 7*u**2 + 7*u + 3. Let k(x) = -2*x**3 - 6*x**2 + 6*x + 3. Let o(z) = -3*h(z) + 2*k(z). Give o(8).
-11
Let d(k) be the third derivative of 0*k**3 + 0*k - 1/6*k**4 - 9*k**2 + 1/30*k**5 + 0 + 1/120*k**6. What is d(-3)?
3
Let v(d) = d**3 - 33*d**2 - 33*d - 40. Let u be 41 + (17 - 21) + (-4 - -1). What is v(u)?
-6
Let h(n) = n**2 + 4*n + 9. Let k be (-1)/((21/18 - -3) + -4). Give h(k).
21
Let t(b) be the second derivative of b**4/12 - 5*b**3/6 + 2*b**2 + 2*b - 102. Calculate t(6).
10
Let d = 1423 + -1425. Let o(a) = -a**3 + 3*a**2 + 3*a + 2. Determine o(d).
16
Let z be (-8 - -13)*(-9)/(-5). Let b(y) = 9*y + z*y - 1 - 21*y + 4*y. Calculate b(2).
1
Let t(x) = 1421*x**2 - 14 - 708*x**2 - 712*x**2. Let y = -5 - -8. Suppose 0 = q + y*q. Give t(q).
-14
Let i(c) = -c**2 - 1. Let s(x) = -x - 1. Let t(q) = 3*q**2 - 9*q - 3. Let v(l) = 2*s(l) - t(l). Let g(d) = 4*i(d) - v(d). Determine g(-6).
1
Let z(c) = 9*c**3 - 28*c**2 + 13*c - 19. Let m(o) = -2*o**3 + 4*o**2 - 1. Let t(x) = 4*m(x) + z(x). Determine t(11).
-1
Let l(q) = 7*q**2 - 3827 + 3827 + q. Let y be 2 + (3 - (3 + 1)). Give l(y).
8
Let b = 0 - 2. Let x(k) be the second derivative of 5*k**4/24 + k**3/2 - 17*k**2/2 + 8*k. Let d(t) be the first derivative of x(t). Determine d(b).
-7
Let u(t) = -t**3 - 23. Let r = 31 + -31. What is u(r)?
-23
Let v(i) = i**2 - 4*i - 4. Let y be v(4). Let m = 3 - 0. Let r(w) = -4*w**2 + 2 + 2*w**2 - 4*w + w**m + 5*w**2 - 1. Determine r(y).
1
Let r(g) = 3 + 31*g - 8*g - 24*g. Suppose 0*x - 3 = -x. Calculate r(x).
0
Let c(i) = 16*i + 9. Let h(m) = 26*m + 14. Let q(s) = 8*c(s) - 5*h(s). Let x = 0 + -2. Determine q(x).
6
Let q(h) = -h**2 + 302 - 610 + 4*h + 306. What is q(3)?
1
Let f(p) be the second derivative o